= 3*w + 5*p - 1250. What is the hundreds digit of w?
4
What is the ten thousands digit of (-49495236)/(-1892) + 6/(-22)?
2
Let c(q) be the third derivative of -7*q**4/4 - 139*q**3/2 + 165*q**2 + 2*q. What is the tens digit of c(-20)?
2
Let c(a) = 14*a**2 + 9*a - 1. Let f(y) = -6*y - 48. Let m be f(-7). What is the hundreds digit of c(m)?
4
Let b(m) = 809*m - 12438. What is the units digit of b(58)?
4
What is the hundreds digit of (1004/((-32)/8))/((-1)/5) + -2?
2
Suppose 26*z = 3*z - 33718. Let y = -417 - z. What is the thousands digit of y?
1
Suppose s - 2*b - 3038 = 0, 3930 = 4*s - 3*b - 8232. What is the hundreds digit of s?
0
Let a(u) = -607*u - 1267. What is the units digit of a(-29)?
6
Let a be 9/6*(-40)/(-12). Suppose 4*m - 181 = -3*z, m = a*z - 3*z + 48. What is the tens digit of m?
4
Let c(l) be the second derivative of -6*l**5/5 - l**4/12 - 5*l**3/6 + 3*l**2 - 163*l. What is the units digit of c(-4)?
6
Suppose -5*o + 361 = 3*a - a, -4*a - 343 = -5*o. Let r(w) = -w**2 - 22*w - 29. Let b be r(-8). Let c = b - o. What is the tens digit of c?
1
Suppose 4*o + 2*t + t - 4186 = 0, -4*o = -5*t - 4202. Suppose 562 = 7*r - o. Let q = r - 30. What is the units digit of q?
0
Suppose -4*f + 9 = 5*m - 0, 2*f - 27 = 5*m. Let i(c) = 19*c**2 + 21*c - 72. What is the units digit of i(f)?
8
Let y = 18 - 94. What is the hundreds digit of (y/57)/((-1)/192)?
2
Let l = 477 - 2039. Let p = -717 - l. What is the units digit of p?
5
Let u = 22146 - 3954. What is the hundreds digit of u?
1
Let c(k) = 46*k - 28. Let b be c(-17). Let z = b - -1394. What is the hundreds digit of z?
5
Let v be 15/9 + (-10)/15. What is the units digit of -89*(3 - v)*(-2 + 0)?
6
Suppose -3*w + 4 = 2*a, 0 = -10*a + 8*a + 5*w + 20. Suppose 2*k = a*d - 0*d - 4067, k = 2*d - 1627. What is the tens digit of d?
1
Let o(t) = -t**2 - 10*t + 98. Let j be o(-16). Suppose -12 = 4*d, 0*a - 3*d + 609 = j*a. What is the tens digit of a?
0
Let h(u) = 2*u - 4 - u + 1 + 0*u. Let a be h(5). Suppose -2*w - a*w = g - 43, -138 = -3*g - 3*w. What is the units digit of g?
7
Suppose -5*b - 3*q + 7 = -0, -16 = 4*b - 3*q. Let k be 2*b - (5 - 7). Suppose 0*g + g - 3*v = 60, -2*v = k. What is the tens digit of g?
6
Suppose -5*z - 18492 = -4*l, -3*z = 3*l + 2*z - 13869. What is the tens digit of l?
2
Suppose 8*k + 22 = -18. Let o(s) = -6*s - 18. Let d be o(k). Suppose -d*f + 285 = -7*f. What is the units digit of f?
7
Let p(m) = 7 + 0*m + 2*m + 0*m. Let w be p(-5). What is the hundreds digit of (-20)/30 - 308/w?
1
Let y = 44 - 42. Suppose 7*v + 861 = 2*v + 4*p, 0 = -5*v + y*p - 863. Let m = -92 - v. What is the tens digit of m?
8
Let w be (-5)/(-4) - (-10)/(-40) - -11. Suppose -39*j = -41*j + w. Suppose -y - j*y = -413. What is the units digit of y?
9
Let q(j) = -43*j + 7. Suppose -4*k - 5 = -t, -5*t - 2*k + 7 = 26. Let f be q(t). Let c = f + -79. What is the tens digit of c?
5
Let m(u) = -136*u - 1. Let i = 43 + -45. Let r be m(i). Suppose 2*f - r = 185. What is the hundreds digit of f?
2
Suppose -2*n - 2 + 0 = 4*s, -2*s = -2. Let c be 1/n + (2 - (-4)/3). Suppose -2*w - c*y + 42 = 0, 4*y = -5*w + 3*y + 105. What is the tens digit of w?
2
Let t(k) = 4*k - 34. Let m be t(9). What is the units digit of 1 + (m + 0/5 - 0)?
3
Suppose 5*h + 125 = 2*n, -3*h + 134 = 2*n + h. Let d be -6*(0 - (-8)/(-12)). Suppose 2*k - n = -j, -57 = -j - d*k + 6*k. What is the tens digit of j?
6
Let c be -8 - 45/(-9) - 4. What is the units digit of ((-320)/(-12) + c)*(2 + 31)?
9
Let g = 10750 + -3280. What is the units digit of g?
0
Let h(q) = -116*q + 132. Let s be h(-18). Suppose 5*c - 1522 = -2*d, 0 = 3*d - 5*c - s - 13. What is the hundreds digit of d?
7
Let r = -11 - -21. What is the units digit of (148/r)/(28/(-30) + 1)?
2
Let k(h) = h + 4. Let i be k(-6). What is the hundreds digit of 3/((-15)/865)*i?
3
Let g be (3 - 1)*2/(-4) - -4. What is the tens digit of g*(-3 + 230 + 6)?
9
Suppose -6*u + 2961 + 1083 = 0. Suppose -3544 = -4*s - 2*h, -1989 - u = -3*s - 4*h. Suppose -3*f + 6*f = s. What is the tens digit of f?
9
Let x = 3240 - -3387. What is the thousands digit of x?
6
Let i(r) be the third derivative of -9*r**6/40 - r**4/24 - 12*r**2. Let a be i(1). Let w = a - -31. What is the units digit of w?
3
Let f = 707 - 607. What is the tens digit of 50608/f + (-28)/350?
0
Let n(p) = 11*p**3 + 5*p**2 - 3*p - 1. Let t be n(1). Suppose t*z = -2*z + 5306. What is the tens digit of z?
7
Let m be 56/5*(11 + -1). Let h = -51 - -103. Let t = m - h. What is the tens digit of t?
6
Suppose -22*g + 17*g + 40 = 0. Suppose -g*b + 321 + 87 = 0. What is the tens digit of 34/b + (-1178)/(-6)?
9
Let j(k) = -2*k**3 - 23*k**2 + 108*k + 29. What is the thousands digit of j(-21)?
6
Let y be (4 + 37 - 1)/((-12)/(-54)). What is the hundreds digit of -4 - (32/(-8) - y)?
1
Let c(r) = -r**2 + 11*r - 21. Suppose -9*d = -12*d + 18. Let g be c(d). What is the units digit of (122/5)/(g*2/45)?
1
Let h = -5996 + 11314. What is the thousands digit of h?
5
Let s(p) be the second derivative of -p**5/20 - 15*p**2/2 - 4*p. Let j be s(0). Let w = j - -37. What is the units digit of w?
2
Suppose 5*i - 4*u + 2074 - 9511 = 0, -2*u + 2964 = 2*i. What is the hundreds digit of i?
4
Let m(a) be the first derivative of -5*a**4/4 - a**3 + 3*a**2 - 2*a - 12. Let w be m(-4). Suppose -58 = -b + u, 5*b + 3*u - 4 = w. What is the units digit of b?
3
Let p(o) = 3*o**3 + 7*o**2 + 2*o - 1. Let w be p(-5). Let m be 19075/49 - (-46)/(-161). Let s = w + m. What is the units digit of s?
8
Let z = -46934 - -82621. What is the units digit of z?
7
Let s(o) = 281*o**2 + 32*o + 120. What is the hundreds digit of s(-9)?
5
What is the units digit of (-478 + 3)/(2 - 826/406)?
5
Let b be ((-22)/(-8))/((-6)/(-24)). What is the units digit of ((-89848)/(-12))/b - 3/(-9)?
1
Suppose -158*j + 60808 = -114*j. What is the hundreds digit of j?
3
What is the hundreds digit of ((-528)/(-64) - 9)*(-2 + 66284/(-6))?
2
Let v(i) = -i**2 + 3*i + 4. Let x be v(3). What is the hundreds digit of 6/x*33712/84?
6
Suppose 0 = -2*t - 14 - 0. Let v = t - -9. Suppose 4*i = -2*r + 522, 5*i - 654 = -v*r - 0*r. What is the tens digit of i?
3
Let m = 11788 - 4533. What is the thousands digit of m?
7
Let t(m) = 2*m**3 - 2*m**2 + 3*m - 1. Let g be t(1). Suppose -5*w = 5*n - 1125, -g*n + w + 460 = -2*w. Let h = 390 - n. What is the units digit of h?
3
Suppose -2*t - 5464 = -2*k, -3*k + 465*t = 463*t - 8198. What is the thousands digit of k?
2
Let s = -15227 - -25611. What is the hundreds digit of s?
3
Let b = -7516 + 14935. What is the units digit of b?
9
Let i(q) = 1611*q + 168. What is the tens digit of i(7)?
4
Let l(d) be the third derivative of -17*d**4/12 - 5*d**3/2 - d**2. Let j be l(-7). Suppose 0 = -6*y + 977 + j. What is the tens digit of y?
0
Suppose -6 = 10*h - 46. Let j = 459 - 243. Suppose h*z - z - j = 0. What is the tens digit of z?
7
Let b = 17704 + -8725. What is the thousands digit of b?
8
Suppose -78*d + 74*d - 3*n = -3587, 4489 = 5*d + 2*n. What is the units digit of d?
9
Let t = -1002 - -1007. Suppose 2*f - 3*s = 836, t*f + 56*s - 2065 = 51*s. What is the hundreds digit of f?
4
Let h = 195 - 195. Suppose h = 7*j - 8*j + 178. What is the tens digit of j?
7
Let y(q) = 2*q**3 - 4*q**2 + 8*q - 8. Suppose 6*o - 45 = -15. Let n be y(o). Let d = n - 65. What is the hundreds digit of d?
1
Suppose 4*w = 5*w + 20. Let b be w/(-5) + -1 - -4. Suppose b*g + 1380 = 13*g. What is the units digit of g?
0
Let t(z) = -230*z + 697. What is the hundreds digit of t(-4)?
6
Suppose -c - 7810 = -0*c - 3*c. What is the units digit of c?
5
Suppose -16*c - 4757 = 5019. Let p = -392 - c. What is the units digit of p?
9
Let x be 2/25 - 56694/(-75). Suppose -5*p = 271 - x. What is the units digit of p?
7
Let y = 345 - -5387. What is the units digit of y?
2
Let i(j) = 14 + 8*j**2 + 9*j**2 - 10*j + 5*j**2 + 0. What is the hundreds digit of i(5)?
5
Suppose -469844 = -5*p - 2*o, -4*p = -3*o - 163190 - 212676. What is the hundreds digit of p?
9
Let c(a) = 5*a**3 - 18*a**2 + 36*a + 45. Let p(u) = -13*u**3 + 54*u**2 - 108*u - 134. Let z(s) = -8*c(s) - 3*p(s). What is the hundreds digit of z(-22)?
1
Let s = -244 - -248. Suppose -2*z + 1624 = s*b, 0 = -2*b - 3*b + 4*z + 2056. What is the units digit of b?
8
Let k be 1 - (0 + 1 + 1). Let l = k - 